257*k + 12212. What is h(34)?
6
Let d(m) = 104*m + 773. Calculate d(-6).
149
Let d(i) = i**3 + 13*i**2 + 40*i - 32. Give d(-9).
-68
Let w(b) = 6*b**2 + 155*b - 16. What is w(-26)?
10
Let m(p) = p**3 - 2*p**2 + 10. What is m(-3)?
-35
Let z(l) = l**3 - 32*l**2 - 14*l + 1459. What is z(31)?
64
Let b(z) = 2*z**2 - 10*z + 11. What is b(12)?
179
Let w(z) = -6142*z + 24574. Give w(4).
6
Let r(i) = 2*i**3 + 60*i**2 + 114*i + 52. Calculate r(-28).
-4
Let z(i) = -14*i**2 + 112*i - 317. Calculate z(3).
-107
Let v(j) = -12*j**3 - 87*j**2 - 16*j - 54. Determine v(-8).
650
Let f(t) = -8*t**2 + 8*t - 8. Give f(10).
-728
Let k(q) = -12*q**3 + 8*q**2 + 7*q + 1. Determine k(3).
-230
Let b(d) = -d**3 - d**2 - 73*d - 239. Give b(-3).
-2
Let j(g) = 2*g**2 + 2*g - 214. Determine j(10).
6
Let f(g) = 58*g + 211. What is f(-7)?
-195
Let u(v) = -v**2 + 11*v - 9. Calculate u(6).
21
Let i(k) = -2*k**3 + 18*k**2 - 10. Determine i(10).
-210
Let v(j) = -j**2 + 20*j - 93. Give v(28).
-317
Let y(i) = i**3 + 46*i**2 + 131*i + 88. Determine y(-43).
2
Let b(l) = -15*l + 1145. What is b(83)?
-100
Let w(z) = z**2 + 23*z - 787. What is w(17)?
-107
Let p(z) = -13*z**2 + 209*z - 1465. Calculate p(7).
-639
Let s(u) = 725*u + 39879. Determine s(-55).
4
Let j(l) = l**2 + 8*l + 24. Give j(-6).
12
Let x(s) = -s**2 + 342*s + 6224. What is x(-17)?
121
Let g(n) = -n**2 + 83*n + 101. Determine g(84).
17
Let i(g) = -886*g + 2646. Calculate i(3).
-12
Let o(d) = d**3 - 19*d**2 + 72*d + 141. What is o(12)?
-3
Let m(s) = -22*s + 340. Determine m(16).
-12
Let i(l) = -l**3 - 23*l**2 - 20*l - 46. Give i(-22).
-90
Let f(o) = -o**2 + 31*o + 369. Determine f(-17).
-447
Let g(k) = 2*k**3 + 49*k**2 - 59*k - 46. Calculate g(-25).
804
Let k(t) = 3*t**2 + 2082*t + 2082. What is k(-1)?
3
Let z(w) = 30*w**2 - 11*w - 22. What is z(-3)?
281
Let v(r) = -127*r + 17274. What is v(136)?
2
Let o(h) = 4*h**2 + 16*h + 23. What is o(-4)?
23
Let u(f) = -351*f**2 + 16*f - 2. What is u(1)?
-337
Let m(b) = b**3 + 8*b**2 + 13*b - 46. What is m(-5)?
-36
Let y(d) = -8*d - 887. Calculate y(-74).
-295
Let r(b) = 2*b**2 + 43*b - 1649. Determine r(20).
11
Let d(h) = -5*h + 94. Give d(22).
-16
Let w(l) = -64*l**2 + 6328*l + 795. Calculate w(99).
3
Let a(r) = -15*r**2 - 65*r - 63. Calculate a(-1).
-13
Let x(d) = 2*d**3 + 24*d**2 - 2*d - 14. What is x(-12)?
10
Let t(u) = u**2 - 4*u - 1757. Give t(-40).
3
Let g(n) = 5*n**2 + 8*n - 93. Calculate g(-5).
-8
Let f(x) = -x**2 + 16*x + 1198. Calculate f(-28).
-34
Let c(b) = b**3 + 9*b**2 + 16*b + 5. What is c(-7)?
-9
Let u(l) = -l**2 + 720*l + 10288. Give u(-14).
12
Let j(n) = -183*n + 1089. What is j(6)?
-9
Let x(b) = 6*b**2 + 156*b + 6. What is x(-26)?
6
Let d(z) = 5*z**2 + 15*z + 16. Determine d(-5).
66
Let a(k) = k**3 - 86*k**2 - 20. Give a(86).
-20
Let v(l) = 17*l - 154. Determine v(10).
16
Let n(l) = -l**3 + 28*l**2 - 3*l + 94. Calculate n(28).
10
Let x(d) = -d**2 - 31*d + 1404. What is x(25)?
4
Let r(w) = -w**3 + 72*w**2 + 231*w - 372. Determine r(75).
78
Let c(k) = -43*k - 341. What is c(-9)?
46
Let b(d) = -d**3 + 11*d**2 - 382*d + 5304. Give b(13).
0
Let i(n) = -19*n + 2331. Determine i(123).
-6
Let g(t) = 670*t + 7363. Determine g(-11).
-7
Let u(s) = -2*s - 40. Calculate u(-13).
-14
Let l(w) = -w**2 + 345*w + 700. Give l(-2).
6
Let w(x) = -2*x**3 + 53*x**2 + 83*x + 40. What is w(28)?
12
Let j(g) = -g**3 - 36*g**2 - 35*g + 1. Determine j(-35).
1
Let i(q) = 34*q + 536. What is i(-15)?
26
Let y(s) = s**3 - 11*s**2 - 94*s - 11. Determine y(-6).
-59
Let z(n) = 7*n**3 - n**2 - 97*n + 201. Determine z(2).
59
Let s(k) = 2*k**3 - 29*k**2 + 61*k + 13. Determine s(9).
-329
Let j(x) = -2*x**2 - 276*x + 8088. What is j(-163)?
-62
Let z(v) = 1655*v + 6622. Give z(-4).
2
Let t(m) = -71*m**2 - 7*m + 39. Calculate t(0).
39
Let k(c) = -29*c**2 + 14*c. Determine k(1).
-15
Let h(r) = 10191*r - 20400. Determine h(2).
-18
Let b(n) = n**3 + n**2 - 10*n + 9. Determine b(0).
9
Let m(i) = -i**3 - 3*i**2 - 54*i - 318. What is m(-5)?
2
Let x(k) = -9768*k - 9776. Calculate x(-1).
-8
Let c(v) = -6082*v - 30415. Determine c(-5).
-5
Let i(q) = q**2 + 100*q - 415. Calculate i(4).
1
Let c(s) = s**2 - 214*s + 3685. Calculate c(19).
-20
Let m(c) = -c**3 - 4*c**2 + 30*c - 27. Give m(3).
0
Let j(k) = -26*k - 658. What is j(-23)?
-60
Let r(m) = 2*m**2 + 233*m + 40. What is r(-116)?
-76
Let g(t) = -10*t**2 - 3843*t - 3844. Determine g(-1).
-11
Let f(b) = -b**3 - 2*b**2 + 83*b - 14. What is f(8)?
10
Let l(x) = x**3 + 407*x + 816. Determine l(-2).
-6
Let i(o) = -54*o**2 - 11*o - 4. Determine i(-3).
-457
Let x(n) = -35*n + 397. Give x(8).
117
Let d(g) = 10*g**3 + g**2 - 87*g + 85. Determine d(1).
9
Let o(z) = 113*z**2 - 32*z + 31. What is o(1)?
112
Let k(g) = -g**3 + 12*g**2 - 259*g + 3990. Determine k(14).
-28
Let w(z) = -14*z - 2267. Calculate w(-157).
-69
Let q(o) = 23*o**2 + 72*o - 389. What is q(6)?
871
Let f(g) = g**2 - 5*g - 68. Calculate f(-6).
-2
Let n(v) = v**2 + 27*v - 521. What is n(-42)?
109
Let a(i) = -18*i**3 + 3633*i**2 + 603*i + 605. What is a(202)?
-1
Let t(d) = 669*d - 42148. Give t(63).
-1
Let r(p) = p**2 + 39*p + 173. Calculate r(-15).
-187
Let b(j) = j**3 - 10*j**2 + 28*j - 14. Determine b(7).
35
Let p(b) = -2*b**2 + 100*b + 407. Calculate p(54).
-25
Let a(g) = -g**3 + g**2 + 26*g - 23. What is a(5)?
7
Let g(w) = w**3 + 48*w**2 - 88*w + 92. Determine g(-50).
-508
Let a(m) = -15*m - 187. Calculate a(-10).
-37
Let a(h) = h**3 + 2*h**2 + 2*h - 32. What is a(-5)?
-117
Let u(x) = 31*x + 3713. What is u(-120)?
-7
Let p(r) = -2*r**2 + 203*r + 3626. Calculate p(117).
-1
Let g(a) = a**3 - 159*a**2 + 4*a - 631. Calculate g(159).
5
Let w(m) = -m**3 - 20*m**2 - 77*m - 118. Give w(-15).
-88
Let b(l) = -75*l - 712. Calculate b(-9).
-37
Let g(d) = 2*d**2 + 64*d + 429. Determine g(-10).
-11
Let w(p) = 2*p**3 - 18*p**2 - 6*p + 172. Calculate w(8).
-4
Let w(b) = -b**3 + 36*b**2 - 52*b + 92. Determine w(35).
-503
Let d(u) = -2*u**3 + 15*u**2 - 7*u + 45. What is d(9)?
-261
Let g(a) = -a**2 + 11*a - 65. What is g(20)?
-245
Let m(n) = 86*n + 5410. Give m(-63).
-8
Let h(d) = -23*d + 1060. Determine h(19).
623
Let l(p) = -2*p**3 + 3*p**2 - p - 2. Calculate l(1).
-2
Let l(s) = s**3 - 97*s**2 + 11*s - 1167. What is l(97)?
-100
Let s(b) = -765*b - 6111. Give s(-8).
9
Let t(w) = -w**3 - w**2 + 34*w + 12. What is t(-7)?
68
Let w(d) = 82*d - 736. Determine w(9).
2
Let u(c) = 4*c**3 - 23*c**2 - 7*c + 15. What is u(6)?
9
Let y(n) = -n**3 + 21*n**2 + 1450*n + 6. What is y(50)?
6
Let u(k) = k**3 - 9*k**2 - 9*k + 68. Give u(10).
78
Let f(h) = -2*h**3 + 105*h**2 - 52*h - 211. Give f(52).
-211
Let c(x) = 10*x**3 - 66*x**2 + 13*x - 284. Calculate c(7).
3
Let k(i) = -28*i + 301. Calculate k(13).
-63
Let x(h) = -22*h**2 + 838*h - 81. What is x(38)?
-5
Let m(f) = -f**2 + 8*f - 17. Give m(-11).
-226
Let b(x) = -33*x**3 + 561*x**2 - x - 57. What is b(17)?
-74
Let u(p) = 276*p + 4383. Calculate u(-16).
-33
Let k(q) = -408*q - 1648. Give k(-4).
-16
Let q(a) = 86*a**2 + 14*a + 16. What is q(-1)?
88
Let j(a) = -a**2 + 119*a + 2783. Calculate j(-20).
3
Let n(b) = 9*b - 179. Calculate n(20).
1
Let h(r) = -r**2 + r + 205. Give h(13).
49
Let q(v) = -3*v**3 - 109*v**2 - 50*v - 84. Determine q(-36).
420
Let p(v) = 173*v + 324. Give p(-2).
-22
Let s(k) = 52*k + 36. Determine s(-1).
-16
Let l(r) = 3*r**3 - 22*r**2 - 43*r - 4. What is l(8)?
-220
Let k(r) = -2*r**2 - 17*r - 30. Give k(0).
-30
Let w(q) = -720*q + 65510. Determine w(91).
-10
Let o(h) = h**3 + 15*h**2 - 24*h + 95. Calculate o(-17).
-75
Let s(t) = 3*t**2 - 130*t + 1219. Determine s(14).
-13
Let s(m) = -182*m + 1283. What is s(7)?
9
Let v(i) = -40*i + 946. What is v(24)?
-14
Let l(t) = -t**2 + 52*t - 131. What is l(50)?
-31
Let x(z) = z**3 + 10*z**2 - 24. Give x(-7).
123
Let w(t) = 2*t**2 + 70*t + 32. Determine w(-26).
-436
Let a(p) = 7*p. Determine a(6).
42
Let m(q) = q**2 - 12*q + 5. Determine m(14).
33
Let n(y) = -128*y - 8192. Calculate n(-64).
0
Let p(f) = -f**2 + 4*f + 69. Calculate p(-8).
-27
Let t(l) = -881*l - 7236. Calculate t(-8).
-188
Let a(m) = 1152*m - 11555. What is a(10)?
-35
Let x(l) = -50*l - 6. Calculate x(0).
-6
Let y(q) = 15*q - 286. What is y(23)?
59
Let h(u) = -2*u**3 + 40*u**2 + 41*u + 15. Calculate h(21).
-6
Let a(j) = -460*j**2 + 1840*j + 9. Give a(4).
9
Let n(r) =